{"id":22,"date":"2018-11-12T15:28:16","date_gmt":"2018-11-12T15:28:16","guid":{"rendered":"http:\/\/www.proersa.com\/fra\/?page_id=22"},"modified":"2018-11-12T15:28:16","modified_gmt":"2018-11-12T15:28:16","slug":"politique-de-cookie","status":"publish","type":"page","link":"http:\/\/www.proersa.com\/fra\/politique-de-cookie\/","title":{"rendered":"Politique de cookie"},"content":{"rendered":"<div style=\"background-color: #ffffff; width: 100%; height: 20px;\"><\/div>\n<div class=\"main-title\">\n<h1>POL\u00cdTICA DE COOKIES<\/h1>\n<\/div>\n<div class=\"cookies-policy\">\n<h3>En <span style=\"color: #000000;\">proersa.com<\/span> usamos cookies<\/h3>\n<h3>Esta pol\u00edtica de cookies forma parte de los t\u00e9rminos de uso y la pol\u00edtica de privacidad de la web <span style=\"color: #000000;\">www.proersa.com<\/span>.<\/p>\n<p>Una cookie es un archivo de informaci\u00f3n que el servidor del sitio web de <span style=\"color: #000000;\">proersa.com<\/span> env\u00eda al dispositivo (ordenador, smartphone, tablet, etc.) de quien accede a la p\u00e1gina, para almacenar y recuperar informaci\u00f3n sobre la navegaci\u00f3n que se efect\u00faa desde dicho equipo.<\/h3>\n<h3>Tipos de cookies que utiliza <span style=\"color: #000000;\">proersa.com<\/span>:<\/h3>\n<h4><span style=\"color: #000000;\">Cookies propias:<\/span><br \/>Son aqu\u00e9llas que se instalan en el terminal del <span style=\"color: #000000;\">USUARIO<\/span> desde la Web <span style=\"color: #000000;\">proersa.com<\/span>.<\/p>\n<p><span style=\"color: #000000;\">Cookies de sesi\u00f3n:<\/span><br \/>Son un tipo de cookies dise\u00f1adas para recabar y almacenar datos mientras el <span style=\"color: #000000;\">USUARIO<\/span> accede a una p\u00e1gina web.<br \/>Se suelen emplear para almacenar informaci\u00f3n que solo interesa conservar para la prestaci\u00f3n del servicio solicitado por el <span style=\"color: #000000;\">USUARIO<\/span> en una sola ocasi\u00f3n.<\/p>\n<p><span style=\"color: #000000;\">Cookies persistentes:<\/span><br \/>Son un tipo de cookies en el que los datos siguen almacenados en el terminal y pueden ser accedidos y tratados durante un periodo definido por el responsable de la cookie, y que puede ir de unos minutos a varios a\u00f1os.<\/p>\n<p><span style=\"color: #000000;\">Cookies de an\u00e1lisis:<\/span><br \/>Son aqu\u00e9llas que bien tratadas por <span style=\"color: #000000;\">proersa.com<\/span> o por terceros, nos permiten realizar an\u00e1lisis estad\u00edsticos tales como n\u00famero de usuarios que entran en la Web o la utilizaci\u00f3n que hacen de la misma.<\/p>\n<p>Para ello analizamos la navegaci\u00f3n en la Web con el fin de mejorar la prestaci\u00f3n de los servicios que ofrecemos.<\/h4>\n<h3><span style=\"color: #000000;\">El USUARIO podr\u00e1 en cualquier momento elegir qu\u00e9 cookies quiere que funcionen en este sitio web<\/span> mediante la configuraci\u00f3n del navegador, ver:<\/h3>\n<div class=\"cookies-policy-highlight\">\n<h4>Chrome, desde: http:\/\/support.google.com\/chrome\/bin\/answer.py?hl=es&#038;answer=95647<br \/>Explorer, en: http:\/\/windows.microsoft.com\/es-es\/windows7\/how-to-manage-cookies-in-internet-explorer-9<br \/>Firefox, en: http:\/\/support.mozilla.org\/es\/kb\/habilitar-y-deshabilitar-cookies-que-los-sitios-we<br \/>\nSafari, en: https:\/\/support.apple.com\/kb\/PH19214?viewlocale=es_ES&#038;locale=en_US<br \/>Opera, en: http:\/\/help.opera.com\/Windows\/11.50\/es-ES\/cookies.html<\/h4>\n<\/div>\n<h4>Los navegadores web son las herramientas encargadas de almacenar las cookies y desde este lugar el <span style=\"color: #000000;\">USUARIO<\/span> puede efectuar su derecho de eliminaci\u00f3n o desactivaci\u00f3n de las mismas.<br \/>Ni esta web ni sus representantes legales pueden garantizar la correcta o incorrecta manipulaci\u00f3n de las cookies por parte de los mencionados navegadores.<br \/>En algunos casos es necesario instalar cookies para que el navegador no olvide la decisi\u00f3n del <span style=\"color: #000000;\">USUARIO<\/span> de no aceptaci\u00f3n de las mismas.<\/p>\n<\/h4>\n<h3>La aceptaci\u00f3n de la presente pol\u00edtica de cookies implica que el <span style=\"color: #000000;\">USUARIO<\/span> ha sido informado de una forma clara y completa sobre el uso de dispositivos de almacenamiento y recuperaci\u00f3n de datos (cookies) as\u00ed como que <span style=\"color: #000000;\">proersa.com<\/span> dispone del consentimiento del USUARIO para el uso de las mismas tal y como establece el art\u00edculo 22.2 de la Ley 34\/2002, de 11 de julio, de Servicios de la Sociedad de la Informaci\u00f3n y Comercio Electr\u00f3nico (LSSI-CE).<\/p>\n<p>Para cualquier duda o consulta acerca de esta pol\u00edtica de cookies el <span style=\"color: #000000;\">USUARIO<\/span> puede ponerse en contacto con <span style=\"color: #000000;\">proersa.com<\/span> a trav\u00e9s del <span style=\"color: #000000;\">Formulario de Contacto<\/span>.<\/h3>\n<\/div>\n<div style=\"background-color: #ffffff; width: 100%; height: 2em;\"><\/div>\n","protected":false},"excerpt":{"rendered":"<p>POL\u00cdTICA DE COOKIES En proersa.com usamos cookies Esta pol\u00edtica de cookies forma parte de los t\u00e9rminos de uso y la [&hellip;]<\/p>\n","protected":false},"author":1,"featured_media":0,"parent":0,"menu_order":0,"comment_status":"closed","ping_status":"closed","template":"","meta":{"footnotes":""},"class_list":["post-22","page","type-page","status-publish","hentry"],"yoast_head":"<!-- This site is optimized with the Yoast SEO plugin v26.7 - https:\/\/yoast.com\/wordpress\/plugins\/seo\/ -->\n<title>Politique de cookie - Fabrication &amp; Conditionnement d&#039;a\u00e9rosols<\/title>\n<meta name=\"robots\" content=\"index, follow, max-snippet:-1, max-image-preview:large, max-video-preview:-1\" \/>\n<link rel=\"canonical\" href=\"http:\/\/www.proersa.com\/fra\/politique-de-cookie\/\" \/>\n<meta property=\"og:locale\" content=\"fr_FR\" \/>\n<meta property=\"og:type\" content=\"article\" \/>\n<meta property=\"og:title\" content=\"Politique de cookie - Fabrication &amp; Conditionnement d&#039;a\u00e9rosols\" \/>\n<meta property=\"og:description\" content=\"POL\u00cdTICA DE COOKIES En proersa.com usamos cookies Esta pol\u00edtica de cookies forma parte de los t\u00e9rminos de uso y la [&hellip;]\" \/>\n<meta property=\"og:url\" content=\"http:\/\/www.proersa.com\/fra\/politique-de-cookie\/\" \/>\n<meta property=\"og:site_name\" content=\"Fabrication &amp; Conditionnement d&#039;a\u00e9rosols\" \/>\n<meta name=\"twitter:card\" content=\"summary_large_image\" \/>\n<meta name=\"twitter:label1\" content=\"Dur\u00e9e de lecture estim\u00e9e\" \/>\n\t<meta name=\"twitter:data1\" content=\"3 minutes\" \/>\n<script type=\"application\/ld+json\" class=\"yoast-schema-graph\">{\"@context\":\"https:\/\/schema.org\",\"@graph\":[{\"@type\":\"WebPage\",\"@id\":\"http:\/\/www.proersa.com\/fra\/politique-de-cookie\/\",\"url\":\"http:\/\/www.proersa.com\/fra\/politique-de-cookie\/\",\"name\":\"Politique de cookie - Fabrication &amp; Conditionnement d&#039;a\u00e9rosols\",\"isPartOf\":{\"@id\":\"https:\/\/www.proersa.com\/fra\/#website\"},\"datePublished\":\"2018-11-12T15:28:16+00:00\",\"breadcrumb\":{\"@id\":\"http:\/\/www.proersa.com\/fra\/politique-de-cookie\/#breadcrumb\"},\"inLanguage\":\"fr-FR\",\"potentialAction\":[{\"@type\":\"ReadAction\",\"target\":[\"http:\/\/www.proersa.com\/fra\/politique-de-cookie\/\"]}]},{\"@type\":\"BreadcrumbList\",\"@id\":\"http:\/\/www.proersa.com\/fra\/politique-de-cookie\/#breadcrumb\",\"itemListElement\":[{\"@type\":\"ListItem\",\"position\":1,\"name\":\"Portada\",\"item\":\"https:\/\/www.proersa.com\/fra\/\"},{\"@type\":\"ListItem\",\"position\":2,\"name\":\"Politique de cookie\"}]},{\"@type\":\"WebSite\",\"@id\":\"https:\/\/www.proersa.com\/fra\/#website\",\"url\":\"https:\/\/www.proersa.com\/fra\/\",\"name\":\"Fabrication &amp; Conditionnement d&#039;a\u00e9rosols\",\"description\":\"Proersa Aerosoles - fabricant d\u2019a\u00e9rosols - sous traitance industrielle pour vos produits cosm\u00e9tiques\",\"publisher\":{\"@id\":\"https:\/\/www.proersa.com\/fra\/#organization\"},\"potentialAction\":[{\"@type\":\"SearchAction\",\"target\":{\"@type\":\"EntryPoint\",\"urlTemplate\":\"https:\/\/www.proersa.com\/fra\/?s={search_term_string}\"},\"query-input\":{\"@type\":\"PropertyValueSpecification\",\"valueRequired\":true,\"valueName\":\"search_term_string\"}}],\"inLanguage\":\"fr-FR\"},{\"@type\":\"Organization\",\"@id\":\"https:\/\/www.proersa.com\/fra\/#organization\",\"name\":\"Fabrication &amp; Conditionnement d&#039;a\u00e9rosols\",\"url\":\"https:\/\/www.proersa.com\/fra\/\",\"logo\":{\"@type\":\"ImageObject\",\"inLanguage\":\"fr-FR\",\"@id\":\"https:\/\/www.proersa.com\/fra\/#\/schema\/logo\/image\/\",\"url\":\"http:\/\/www.proersa.com\/fra\/wp-content\/uploads\/sites\/4\/2019\/01\/Proersa_logo_aerosoles50_aniversary.jpg\",\"contentUrl\":\"http:\/\/www.proersa.com\/fra\/wp-content\/uploads\/sites\/4\/2019\/01\/Proersa_logo_aerosoles50_aniversary.jpg\",\"width\":263,\"height\":63,\"caption\":\"Fabrication &amp; Conditionnement d&#039;a\u00e9rosols\"},\"image\":{\"@id\":\"https:\/\/www.proersa.com\/fra\/#\/schema\/logo\/image\/\"}}]}<\/script>\n<!-- \/ Yoast SEO plugin. -->","yoast_head_json":{"title":"Politique de cookie - Fabrication &amp; Conditionnement d&#039;a\u00e9rosols","robots":{"index":"index","follow":"follow","max-snippet":"max-snippet:-1","max-image-preview":"max-image-preview:large","max-video-preview":"max-video-preview:-1"},"canonical":"http:\/\/www.proersa.com\/fra\/politique-de-cookie\/","og_locale":"fr_FR","og_type":"article","og_title":"Politique de cookie - Fabrication &amp; Conditionnement d&#039;a\u00e9rosols","og_description":"POL\u00cdTICA DE COOKIES En proersa.com usamos cookies Esta pol\u00edtica de cookies forma parte de los t\u00e9rminos de uso y la [&hellip;]","og_url":"http:\/\/www.proersa.com\/fra\/politique-de-cookie\/","og_site_name":"Fabrication &amp; Conditionnement d&#039;a\u00e9rosols","twitter_card":"summary_large_image","twitter_misc":{"Dur\u00e9e de lecture estim\u00e9e":"3 minutes"},"schema":{"@context":"https:\/\/schema.org","@graph":[{"@type":"WebPage","@id":"http:\/\/www.proersa.com\/fra\/politique-de-cookie\/","url":"http:\/\/www.proersa.com\/fra\/politique-de-cookie\/","name":"Politique de cookie - Fabrication &amp; Conditionnement d&#039;a\u00e9rosols","isPartOf":{"@id":"https:\/\/www.proersa.com\/fra\/#website"},"datePublished":"2018-11-12T15:28:16+00:00","breadcrumb":{"@id":"http:\/\/www.proersa.com\/fra\/politique-de-cookie\/#breadcrumb"},"inLanguage":"fr-FR","potentialAction":[{"@type":"ReadAction","target":["http:\/\/www.proersa.com\/fra\/politique-de-cookie\/"]}]},{"@type":"BreadcrumbList","@id":"http:\/\/www.proersa.com\/fra\/politique-de-cookie\/#breadcrumb","itemListElement":[{"@type":"ListItem","position":1,"name":"Portada","item":"https:\/\/www.proersa.com\/fra\/"},{"@type":"ListItem","position":2,"name":"Politique de cookie"}]},{"@type":"WebSite","@id":"https:\/\/www.proersa.com\/fra\/#website","url":"https:\/\/www.proersa.com\/fra\/","name":"Fabrication &amp; Conditionnement d&#039;a\u00e9rosols","description":"Proersa Aerosoles - fabricant d\u2019a\u00e9rosols - sous traitance industrielle pour vos produits cosm\u00e9tiques","publisher":{"@id":"https:\/\/www.proersa.com\/fra\/#organization"},"potentialAction":[{"@type":"SearchAction","target":{"@type":"EntryPoint","urlTemplate":"https:\/\/www.proersa.com\/fra\/?s={search_term_string}"},"query-input":{"@type":"PropertyValueSpecification","valueRequired":true,"valueName":"search_term_string"}}],"inLanguage":"fr-FR"},{"@type":"Organization","@id":"https:\/\/www.proersa.com\/fra\/#organization","name":"Fabrication &amp; Conditionnement d&#039;a\u00e9rosols","url":"https:\/\/www.proersa.com\/fra\/","logo":{"@type":"ImageObject","inLanguage":"fr-FR","@id":"https:\/\/www.proersa.com\/fra\/#\/schema\/logo\/image\/","url":"http:\/\/www.proersa.com\/fra\/wp-content\/uploads\/sites\/4\/2019\/01\/Proersa_logo_aerosoles50_aniversary.jpg","contentUrl":"http:\/\/www.proersa.com\/fra\/wp-content\/uploads\/sites\/4\/2019\/01\/Proersa_logo_aerosoles50_aniversary.jpg","width":263,"height":63,"caption":"Fabrication &amp; Conditionnement d&#039;a\u00e9rosols"},"image":{"@id":"https:\/\/www.proersa.com\/fra\/#\/schema\/logo\/image\/"}}]}},"_links":{"self":[{"href":"http:\/\/www.proersa.com\/fra\/wp-json\/wp\/v2\/pages\/22","targetHints":{"allow":["GET"]}}],"collection":[{"href":"http:\/\/www.proersa.com\/fra\/wp-json\/wp\/v2\/pages"}],"about":[{"href":"http:\/\/www.proersa.com\/fra\/wp-json\/wp\/v2\/types\/page"}],"author":[{"embeddable":true,"href":"http:\/\/www.proersa.com\/fra\/wp-json\/wp\/v2\/users\/1"}],"replies":[{"embeddable":true,"href":"http:\/\/www.proersa.com\/fra\/wp-json\/wp\/v2\/comments?post=22"}],"version-history":[{"count":1,"href":"http:\/\/www.proersa.com\/fra\/wp-json\/wp\/v2\/pages\/22\/revisions"}],"predecessor-version":[{"id":23,"href":"http:\/\/www.proersa.com\/fra\/wp-json\/wp\/v2\/pages\/22\/revisions\/23"}],"wp:attachment":[{"href":"http:\/\/www.proersa.com\/fra\/wp-json\/wp\/v2\/media?parent=22"}],"curies":[{"name":"wp","href":"https:\/\/api.w.org\/{rel}","templated":true}]}}